Suppose -5*a - b*s = -a - 1030, -2*s = -5*a + 1310. What is the highest common divisor of a and 60?
20
Suppose -3*q + 84 = -4*l, -40*q + 4*l = -43*q + 60. Calculate the highest common divisor of q and 14808.
24
Let w be 19 - ((14 - (-4 - -3)) + -7). What is the highest common divisor of 539 and w?
11
Let g = 269 + -74. Calculate the highest common factor of 2847 and g.
39
Let m(k) = 358*k + 3870. Let w be m(-10). What is the highest common factor of 3625 and w?
145
Let h = 806 - 421. Let m = 399 - h. What is the greatest common factor of 14 and m?
14
Let d(a) = -6*a + 57. Let u be d(10). Let l be u/(-90)*3 - 40494/(-60). What is the highest common divisor of l and 27?
27
Let j be (-17468)/(-8)*(-4)/(-11). Let z = 807 - j. Calculate the highest common divisor of z and 923.
13
Let l(y) = -7*y - 4. Suppose -5*o + 14 = -3*o + 4*c, -4*o = 4*c - 12. Let i be l(o). Calculate the highest common divisor of i and 105.
3
Let r(i) = -i**3 + 5*i**2 - 4*i + 1. Let c be r(4). Suppose 1574 = 74*v - 1541 + 2523. Calculate the greatest common divisor of v and c.
1
Let a(v) = -606*v - 1644. Let j be a(-16). What is the greatest common divisor of j and 132?
132
Let k = 63 + -35. Suppose 7*w = 5*w - a + 903, a = 4*w - 1785. Calculate the highest common factor of w and k.
28
Let c = -5 - -231. Suppose 5*r - b - 3*b = 1144, -c = -r - 2*b. What is the highest common divisor of r and 12?
12
Let p = 1790 - 915. Let q = p - 740. What is the highest common factor of q and 75?
15
Let n(t) = -41*t + 55. Let k be n(2). Let j be -5 - 144/k - 4/(-6). What is the greatest common divisor of j and 33?
1
Let p = 910 + -863. What is the highest common divisor of p and 611?
47
Let r(b) = 2*b - 10. Let x be r(9). Calculate the highest common factor of x and 340.
4
Suppose 136 - 160 = -8*u. Suppose -2*i - 422 = -u*s, 0 = 19*s - 23*s + 4*i + 564. What is the greatest common factor of 40 and s?
20
Let v be 6/(-8)*(-62 - -6). Let d be 6/v + 186/21. Let i be d*(-4)/(-12) - -13. Calculate the greatest common divisor of 40 and i.
8
Suppose 0 = -2*a - 2, y - 2*a + 2 = 9. Suppose v - u = -2*v + 52, -5 = y*u. What is the highest common factor of v and 187?
17
Let p(c) = -c**3 - 9*c**2 - 9*c + 18. Let q = 47 - 55. Let a be p(q). What is the greatest common factor of 286 and a?
26
Suppose 16*j = j - 24*j + 3120. What is the highest common factor of 9770 and j?
10
Let v = 59 - 7. Let i = v - 52. Let u be -65*(i - (-4)/(-5)). What is the highest common factor of 468 and u?
52
Suppose -y - 4*w + 370 = 0, 2141 = 5*y - 4*w + 291. Let c(d) = -31*d - 143. Let t be c(-7). What is the highest common factor of y and t?
74
Let y = -352 - -364. Suppose 0 = 7*c + 1 - 43. What is the greatest common divisor of y and c?
6
Let y be 897/33 + (-4)/22. Let q(l) = -l**3 - 7*l**2 - 20*l + 22. Let s be q(-4). Calculate the highest common divisor of y and s.
27
Let o(d) = 3*d**3 + 2*d**2 + 105*d - 437. Let p be o(8). What is the highest common divisor of p and 583?
53
Let z be 189 + (10/(-15))/((-6)/27). What is the greatest common factor of 204 and z?
12
Let b be (0 - (1 - 1)) + 19 + -16. Suppose -4*s = 4*d - 68, -3*s + 47 = b*d - d. Calculate the greatest common divisor of s and 403.
13
Let s(d) = -3*d**3 - 17*d**2 - 60*d - 127. Let x be s(-4). Let m = -187 + 275. Calculate the highest common factor of m and x.
11
Suppose 3*y + 11*y - 42 = 0. Suppose v - 2*n - 55 = 0, -95 = -2*v + 4*n - y*n. Calculate the greatest common factor of 405 and v.
45
Suppose 646 = -5*s + 4*s. Let z = 870 + s. Calculate the highest common factor of 14 and z.
14
Let k be 4/(-30) + 4325756/2670. Calculate the highest common divisor of 60 and k.
60
Suppose -3*j + 290 = 2*m - 0*j, -5*j - 700 = -5*m. Let d = -39 + m. Let t = d - 95. What is the highest common factor of 56 and t?
8
Suppose -31*f = -47*f + 3040. Suppose -3*q + 5*q = 5*z - f, -q - 195 = -5*z. What is the highest common factor of z and 56?
8
Let z be 8/(-2) - (-3 + -13). Let t be 2/4*(z/(-2) - -2). Let u be ((-2)/(-2))/(-4*t/32). What is the greatest common divisor of u and 68?
4
Suppose 4*v = 5*d + 3397, -5*v + 12*d + 1798 + 2408 = 0. What is the highest common factor of v and 1122?
66
Let i(j) = -28*j + 7. Let u = 44 - 41. Suppose -3*q = u*q + 12. Let r be i(q). What is the highest common divisor of 7 and r?
7
Let q be (-1617)/(143/(-13)) + (3 - 0). Suppose -17*l = -32*l + q. Calculate the greatest common divisor of 135 and l.
5
Let t = 21737 - 20741. Calculate the highest common factor of t and 708.
12
Let w = 611 - 618. Let o be 224/16*(-3 + w/(-2)). Calculate the greatest common divisor of o and 7.
7
Let i(y) = y**3 + 40*y**2 + 34*y - 190. Let n be i(-39). Calculate the highest common factor of 8705 and n.
5
Let k be ((1 - 6) + 273/28)*-12. Let i be (k/2)/1*-22. Calculate the greatest common divisor of i and 114.
57
Let d(r) = 6*r - 65. Let a(l) = 5*l - 65. Let u(b) = 2*a(b) - 3*d(b). Let n be u(7). What is the greatest common divisor of 18 and n?
9
Suppose 4*d + 2*h - 62 = 2*d, 3*d + 2*h - 88 = 0. Suppose 0 = -7*k + 42 + 3150. Let w = k - 443. What is the highest common divisor of d and w?
13
Let f(u) = -3*u**2 - 2*u + 22. Let s be f(-5). Let z = 71 + s. What is the highest common divisor of 91 and z?
7
Suppose 7*k - 2*k - 745 = 0. Let n = k - 35. What is the greatest common factor of 38 and n?
38
Suppose -2*b - 784 = -0*b - 2*m, -4*m = -3*b - 1178. Let f = -382 - b. What is the highest common divisor of f and 108?
4
Let r = -13682 + 13715. Calculate the greatest common divisor of 6501 and r.
33
Suppose 4*n = -5*y + 83 + 329, 4*y - 4*n - 308 = 0. Let x = 95 - 88. Suppose 2*o + 50 = x*o. Calculate the highest common factor of o and y.
10
Suppose 0 = -4*n - 0*n - 5*f + 130, 3*f - 36 = -n. Suppose 0 = 3*j + 5*u - 65 + 10, -j + 3*u - 5 = 0. What is the highest common factor of n and j?
10
Let q = 3296 + -4797. Let t = 2671 + q. Calculate the greatest common divisor of t and 90.
90
Suppose -14*l + 296 = -544. Suppose 2*q - 3*q + l = 0. Let v = q + -55. What is the greatest common divisor of 35 and v?
5
Let r be 7/(105/3980)*-3. Let c be (1 + r)/(-5) - 6/(-2). What is the greatest common divisor of c and 18?
18
Suppose 4*r = -4*h + 176, 2*h - 5*r = 4*h - 88. Let c = -150 - -247. Suppose m + 3*w = 35, 2*m = 4*w - w + c. What is the greatest common factor of h and m?
44
Suppose 504 = 3*w - 12*w. Let y = w + 61. Let n(s) = 10*s**2 - s - 2. Let v be n(-2). Calculate the greatest common divisor of y and v.
5
Suppose 70 = -5*o - 0*o. Let f be (-2 - -5)/((-3)/o). Suppose -28*u + 3438 = 79*u - 4052. Calculate the highest common divisor of u and f.
14
Suppose -2*b + 0*b + 1140 = 236. What is the greatest common divisor of b and 12?
4
Let a(g) = 6*g + 324. Let z be a(-43). What is the greatest common factor of 2838 and z?
66
Suppose 94*q - 6838 + 352 = 0. Calculate the greatest common factor of q and 1173.
69
Let r be 1 + -1 - (-7 + 14 + 79). Let b = r - -59. Let i be (60/b)/10 - 128/(-9). What is the greatest common divisor of 112 and i?
14
Suppose -28 = -4*b - 8. Let h(q) = -7*q**3 - 4*q**2 + 28*q + 56. Let a be h(-2). Calculate the highest common divisor of a and b.
5
Let w be 2 + (-252)/(-147)*14. Let c = 13 + 0. Calculate the greatest common divisor of w and c.
13
Let q be -13 + 13 + 1/(-2)*(-128)/1. Let j = 586 + 118. Calculate the greatest common divisor of j and q.
64
Let x = 3675 + 1824. What is the greatest common factor of x and 351?
117
Let b = 10163 + -10119. Calculate the greatest common divisor of b and 24508.
44
Let x(k) = -2*k**2 - 15*k + 15. Let v be x(-8). Suppose -13*s + 173 = 82. What is the greatest common factor of s and v?
7
Suppose 4*p + 36 = 148. What is the greatest common divisor of 14 and p?
14
Let q(z) = -7*z - 7. Let j be q(-9). Let c be 758/27 - 40/540. What is the greatest common factor of j and c?
28
Let s(f) = -45*f**3 + 26*f**2 - 15*f - 22. Let c be s(-3). What is the highest common divisor of 69 and c?
23
Suppose 23*a = -13*a + 1080. What is the highest common divisor of 2985 and a?
15
Suppose -h = -n - 73, h + 4 = 5*h. Let o = -146 - n. Let v = o + 128. Calculate the highest common factor of v and 6.
6
Suppose -5*u + 760 = 2*z, z - 45 = -40. What is the highest common divisor of 1950 and u?
150
Suppose f + 2*a = 193, -1 = -3*a - 4. Let i = 2188 - 2